No es requerida especial atención con respecto al clima.   -   No hay avisos meteorológicos

Informes Estilo NOAA

Seleccione un año o mes para ver el informe
2018: Ene Feb Mar Abr May Jun Jul Ago Sep Oct Nov Dic
2017: Ene Feb Mar Abr May Jun Jul Ago Sep Oct Nov Dic
2016: Ene Feb Mar Abr May Jun Jul Ago Sep Oct Nov Dic
2015: Ene Feb Mar Abr May Jun Jul Ago Sep Oct Nov Dic
2014: Ene Feb Mar Abr May Jun Jul Ago Sep Oct Nov Dic
2013: Ene Feb Mar Abr May Jun Jul Ago Sep Oct Nov Dic
2012: Ene Feb Mar Abr May Jun Jul Ago Sep Oct Nov Dic
2011: Ene Feb Mar Abr May Jun Jul Ago Sep Oct Nov Dic

Informe 2013 Julio
                   Monthly Climatological Summary for jul 2013

Name: MeteoGerena   City: Gerena (Sevilla)   State: España
Elevation: 120 m  Lat: N 37° 31' 28"   Lon: W 006° 09' 29"

                  Temperature (°C), Rain (mm), Wind Speed (km/h)

                                      Heat  Cool        Avg
    Mean                              Deg   Deg         Wind                 Dom
Day Temp  High   Time   Low    Time   Days  Days  Rain  Speed High   Time    Dir
----------------------------------------------------------------------------------
 1  28,0  36,0   16:43  21,0   07:27   0,0   9,7   0,0   7,9  37,8   20:04    SW
 2  26,6  33,2   17:29  21,0   08:18   0,0   8,3   0,0  11,3  35,6   20:29    SW
 3  28,4  38,1   18:29  19,6   07:33   0,0  10,1   0,0   5,6  30,6   20:34    SE
 4  31,0  40,5   18:35  21,5   07:28   0,0  12,7   0,0   5,7  27,0   20:45   SSE
 5  31,2  38,3   17:30  24,3   06:49   0,0  12,9   0,0  10,5  41,8   12:09   ENE
 6  30,9  37,7   17:50  25,1   07:19   0,0  12,6   0,0  13,7  40,3   08:44    NE
 7  31,2  38,9   19:01  23,9   06:54   0,0  12,9   0,0   9,6  35,6   23:09   ENE
 8  31,3  40,0   18:20  22,0   06:04   0,0  13,0   0,0   8,6  30,6   09:39   ENE
 9  31,6  40,7   18:13  21,8   06:54   0,0  13,3   0,0   7,2  37,8   19:45   SSW
10  31,4  40,5   17:42  22,4   07:13   0,0  13,1   0,0   9,1  40,3   19:09    SW
11  29,0  36,1   16:18  21,3   07:08   0,0  10,7   0,0   7,9  39,2   16:12     S
12  24,7  31,5   17:13  19,6   07:54   0,0   6,4   0,0   8,4  35,6   17:12   SSW
13  23,6  30,1   17:57  20,5   02:18   0,0   5,3   0,0   7,1  30,6   19:48     S
14  24,6  32,2   19:38  20,3   02:30   0,0   6,3   0,0   7,7  37,8   19:50   SSW
15  26,2  34,8   17:48  19,3   07:04   0,0   7,9   0,0   6,8  29,5   20:39   SSW
16  27,4  36,7   18:42  18,1   05:46   0,0   9,1   0,0   5,8  33,1   20:39    SW
17  29,0  37,8   17:46  20,7   07:06   0,0  10,7   0,0   6,6  40,3   18:45   SSW
18  28,7  36,6   17:54  19,8   06:41   0,0  10,4   0,0   6,5  31,7   19:42    SW
19  28,2  35,8   18:35  21,1   07:01   0,0   9,9   0,0   7,1  40,3   20:48    SW
20  26,6  32,5   17:07  21,7   05:06   0,0   8,3   0,0   8,3  35,6   14:27   SSW
21  25,8  33,2   17:36  20,0   06:36   0,0   7,5   0,0   6,5  30,6   16:23    SW
22  27,6  35,8   18:07  19,8   07:37   0,0   9,3   0,0   6,2  34,2   19:39    SW
23  27,9  34,9   17:51  21,4   07:26   0,0   9,7   0,0   7,3  31,7   19:45    SW
24  28,9  37,6   18:48  20,5   05:51   0,0  10,6   0,0   5,8  35,6   19:00   SSW
25  28,9  36,0   16:39  22,3   06:13   0,0  10,6   0,0   7,7  39,2   19:02   SSW
26  25,3  31,1   16:30  20,7   05:34   0,0   7,0   0,0   8,9  34,2   18:10   SSW
27  22,0  27,2   16:07  18,8   05:56   0,0   3,7   3,0   8,3  35,6   16:14    SW
28  23,6  30,9   18:26  19,0   07:30   0,0   5,3   0,0   6,9  37,8   20:10   WSW
29  26,7  34,8   18:26  19,0   06:09   0,0   8,3   0,0   3,9  23,4   16:14   ESE
30  30,6  38,7   17:43  21,7   08:05   0,0  12,3   0,0   8,3  30,6   11:53    NE
31  30,9  39,1   17:25  23,0   06:28   0,0  12,6   0,0   7,9  30,6   10:10   ENE
----------------------------------------------------------------------------------
    28,0  40,7     9    18,1    16     0,0 300,5   3,0   7,7  41,8     5       S

Max >=  30,0: 30
Max <=  15,0:  0
Min <=  22,0: 25
Min <=   0,0:  0
Max Rain: 3,0 on day 27
Days of Rain: 1 (>= 2,0 mm)  0 (>= 10,0 mm)  0 (>= 40,0 mm)
Heat Base: 18,3  Cool Base: 18,3  Method: Integration