No es requerida especial atención con respecto al clima.   -   No hay avisos meteorológicos

Informes Estilo NOAA


Informe 2013 Agosto
                   Monthly Climatological Summary for ago 2013

Name: MeteoGerena   City: Gerena (Sevilla)   State: España
Elevation: 120 m  Lat: N 37° 31' 28"   Lon: W 006° 09' 29"

                  Temperature (°C), Rain (mm), Wind Speed (km/h)

                                      Heat  Cool        Avg
    Mean                              Deg   Deg         Wind                 Dom
Day Temp  High   Time   Low    Time   Days  Days  Rain  Speed High   Time    Dir
----------------------------------------------------------------------------------
 1  30,7  38,4   17:49  23,1   07:26   0,0  12,4   0,0   6,6  33,1   15:52   SSW
 2  30,0  37,4   18:03  22,1   08:18   0,0  11,7   0,0   7,5  29,5   15:18    SW
 3  30,3  37,6   17:47  22,5   07:43   0,0  12,0   0,0   7,5  28,1   00:28    SW
 4  29,8  38,0   18:21  21,5   07:38   0,0  11,5   0,0   5,8  27,0   18:49   SSW
 5  29,3  38,3   18:19  20,4   08:14   0,0  11,0   0,0   6,3  30,6   17:32   SSW
 6  29,4  36,8   17:30  22,3   07:13   0,0  11,0   0,0   8,0  39,2   17:57    SW
 7  28,2  36,2   17:47  20,6   07:53   0,0   9,9   0,0   7,0  33,1   16:13     W
 8  28,9  36,1   18:41  21,4   07:38   0,0  10,6   0,0   5,5  25,6   15:09   ENE
 9  30,2  37,1   19:03  22,5   06:38   0,0  11,9   0,0   9,3  35,6   13:55   ENE
10  31,3  39,8   18:12  24,4   06:12   0,0  13,0   0,0   7,3  28,1   09:42   ENE
11  31,0  39,5   17:08  22,0   06:48   0,0  12,7   0,0   6,5  30,6   18:59   SSW
12  30,3  39,3   17:55  21,8   05:51   0,0  12,0   0,0   7,2  34,2   18:55    SW
13  29,1  37,9   18:02  20,4   08:02   0,0  10,8   0,0   6,6  29,5   20:17   SSW
14  27,9  36,1   18:34  20,9   06:22   0,0   9,6   0,0   6,3  30,6   21:02    SW
15  30,2  38,8   18:30  22,8   07:48   0,0  11,9   0,0   5,9  30,6   20:09   SSW
16  30,8  39,5   18:33  23,6   08:23   0,0  12,5   0,0   6,7  41,8   19:26    SW
17  30,4  37,7   17:19  21,9   08:15   0,0  12,1   0,0   6,2  28,1   15:01    SW
18  30,7  39,3   18:01  21,9   08:17   0,0  12,5   0,0   4,8  23,4   12:39   ENE
19  32,6  41,2   18:03  24,0   08:17   0,0  14,3   0,0   7,0  31,7   20:24   ENE
20  32,5  41,3   16:55  24,0   07:43   0,0  14,2   0,0   6,7  28,1   18:23    SW
21  30,8  39,3   16:58  23,6   07:28   0,0  12,5   0,0   6,5  31,7   19:24    SW
22  30,3  39,3   18:26  22,5   08:23   0,0  12,0   0,0   4,8  28,1   19:33    SW
23  32,1  40,0   18:00  24,0   07:47   0,0  13,8   0,0   6,3  35,6   18:01    SW
24  28,9  35,6   17:43  21,7   08:03   0,0  10,6   0,0   6,8  30,6   15:37   SSW
25  26,9  34,1   18:21  22,5   04:02   0,0   8,6   0,0   9,3  31,7   19:02    SW
26  24,8  29,5   16:16  21,9   03:18   0,0   6,5   0,0   9,7  31,7   17:47   SSW
27  24,5  31,3   17:37  19,8   05:17   0,0   6,2   0,0   7,2  29,5   21:19   SSW
28  25,9  32,4   16:35  20,2   06:12   0,0   7,6   0,0   5,3  30,6   16:15    SW
29  25,3  28,9   18:33  22,1   08:34   0,0   7,0   0,0   6,3  37,8   11:24   ENE
30  26,4  33,3   17:39  20,2   04:57   0,0   8,1   0,0   5,6  24,5   12:59    NE
31  27,0  34,3   17:50  20,6   08:23   0,0   8,8   0,0   5,6  29,5   21:44     E
----------------------------------------------------------------------------------
    29,2  41,3    20    19,8    27     0,0 339,3   0,0   6,7  41,8    16     SSW

Max >=  30,0: 29
Max <=  15,0:  0
Min <=  22,0: 16
Min <=   0,0:  0
Max Rain: 0,0 on day 0
Days of Rain: 0 (>= 2,0 mm)  0 (>= 10,0 mm)  0 (>= 40,0 mm)
Heat Base: 18,3  Cool Base: 18,3  Method: Integration