No es requerida especial atención con respecto al clima.   -   No hay avisos meteorológicos

Informes Estilo NOAA

Seleccione un año o mes para ver el informe
2018: Ene Feb Mar Abr May Jun Jul Ago Sep Oct Nov Dic
2017: Ene Feb Mar Abr May Jun Jul Ago Sep Oct Nov Dic
2016: Ene Feb Mar Abr May Jun Jul Ago Sep Oct Nov Dic
2015: Ene Feb Mar Abr May Jun Jul Ago Sep Oct Nov Dic
2014: Ene Feb Mar Abr May Jun Jul Ago Sep Oct Nov Dic
2013: Ene Feb Mar Abr May Jun Jul Ago Sep Oct Nov Dic
2012: Ene Feb Mar Abr May Jun Jul Ago Sep Oct Nov Dic
2011: Ene Feb Mar Abr May Jun Jul Ago Sep Oct Nov Dic

Informe 2013 Septiembre
                   Monthly Climatological Summary for sep 2013

Name: MeteoGerena   City: Gerena (Sevilla)   State: España
Elevation: 120 m  Lat: N 37° 31' 28"   Lon: W 006° 09' 29"

                  Temperature (°C), Rain (mm), Wind Speed (km/h)

                                      Heat  Cool        Avg
    Mean                              Deg   Deg         Wind                 Dom
Day Temp  High   Time   Low    Time   Days  Days  Rain  Speed High   Time    Dir
----------------------------------------------------------------------------------
 1  28,0  34,7   17:59  20,2   08:42   0,0   9,7   0,0   6,6  27,0   11:31   ENE
 2  27,9  34,2   17:54  21,4   07:07   0,0   9,6   0,0   7,4  34,2   12:50   ENE
 3  28,1  34,7   16:45  21,9   06:32   0,0   9,8   0,0   8,7  34,2   10:13   ENE
 4  27,9  34,9   18:02  22,5   06:28   0,0   9,6   0,0  10,4  45,4   14:34   ENE
 5  25,2  30,1   16:53  20,7   06:45   0,0   6,9   0,0   7,4  31,7   17:45   SSW
 6  24,3  30,9   17:55  20,9   04:46   0,0   6,0   0,0   5,9  34,2   15:30     S
 7  23,2  27,9   16:23  20,2   07:22   0,0   4,9   0,0   8,8  36,7   12:43   SSW
 8  24,4  30,9   16:39  17,0   07:32   0,1   6,1   0,0   4,3  25,6   14:55   ESE
 9  25,9  33,7   18:15  18,3   08:22   0,0   7,6   0,0   4,4  28,1   20:10     S
10  25,8  33,8   17:27  18,5   06:52   0,0   7,5   0,0   4,5  23,4   20:48    SW
11  26,6  34,6   17:23  19,7   06:37   0,0   8,3   0,0   6,3  28,1   19:54     E
12  27,4  33,9   18:30  21,4   04:28   0,0   9,2   0,0   6,0  24,5   11:42   ENE
13  27,0  33,2   17:17  20,6   06:42   0,0   8,7   0,0   6,0  35,6   23:15    SW
14  26,7  32,0   17:56  22,8   08:22   0,0   8,4   0,0   8,7  39,2   21:07   WSW
15  26,0  32,8   17:35  18,9   08:26   0,0   7,7   0,0   8,6  34,2   15:47    SW
16  25,7  33,9   17:10  19,0   08:41   0,0   7,4   0,0   6,9  36,7   18:48   SSW
17  23,7  29,0   16:34  20,8   04:02   0,0   5,3   0,0   8,1  30,6   15:34   SSW
18  23,0  29,0   17:01  20,4   01:27   0,0   4,7   0,0   8,2  35,6   18:30   SSW
19  24,6  31,9   17:48  19,0   05:18   0,0   6,3   0,0   5,7  27,0   19:25   SSW
20  25,7  34,5   18:32  18,6   08:37   0,0   7,4   0,0   5,8  25,6   16:30   ENE
21  26,9  35,1   16:50  20,2   08:05   0,0   8,6   0,0   6,7  28,1   11:21    NE
22  27,3  34,4   17:27  21,3   08:05   0,0   9,0   0,0   8,0  27,0   11:38    NE
23  25,7  32,8   16:20  21,5   08:42   0,0   7,5   0,0   8,8  35,6   18:47     E
24  24,0  29,0   17:39  20,7   07:30   0,0   5,7   0,0   6,4  25,6   16:13   SSW
25  23,0  29,1   17:25  18,6   06:10   0,0   4,7   0,0   5,4  33,1   18:12   SSW
26  22,7  30,1   17:21  16,4   08:25   0,1   4,6   0,0   6,8  30,6   21:03    SW
27  22,4  25,9   14:03  19,0   22:33   0,0   4,2   8,1  11,6  45,4   14:22   SSE
28  21,1  25,0   17:25  19,0   06:50   0,0   2,8   3,6  10,8  45,4   16:59    SW
29  21,0  24,5   17:25  18,6   08:15   0,0   2,7   3,6  10,2  39,2   15:25    SW
30  22,3  24,9   14:57  19,9   00:00   0,0   4,0   6,3  11,5  42,8   13:34    SW
----------------------------------------------------------------------------------
    25,1  35,1    21    16,4    26     0,2 204,9  21,6   7,5  45,4     4       S

Max >=  30,0: 21
Max <=  15,0:  0
Min <=  22,0: 28
Min <=   0,0:  0
Max Rain: 8,1 on day 27
Days of Rain: 4 (>= 2,0 mm)  0 (>= 10,0 mm)  0 (>= 40,0 mm)
Heat Base: 18,3  Cool Base: 18,3  Method: Integration