No es requerida especial atención con respecto al clima.   -   No hay avisos meteorológicos

Informes Estilo NOAA


Informe 2013 Octubre
                   Monthly Climatological Summary for oct 2013

Name: MeteoGerena   City: Gerena (Sevilla)   State: España
Elevation: 120 m  Lat: N 37° 31' 28"   Lon: W 006° 09' 29"

                  Temperature (°C), Rain (mm), Wind Speed (km/h)

                                      Heat  Cool        Avg
    Mean                              Deg   Deg         Wind                 Dom
Day Temp  High   Time   Low    Time   Days  Days  Rain  Speed High   Time    Dir
----------------------------------------------------------------------------------
 1  23,4  27,4   18:10  21,0   07:55   0,0   5,1   0,0   7,0  30,6   14:59    SW
 2  21,5  26,2   17:32  17,3   08:49   0,0   3,2   0,0   3,9  27,0   20:30     S
 3  22,7  26,8   18:12  20,4   06:00   0,0   4,4   1,8   3,9  17,3   12:31   SSW
 4  23,6  28,6   16:07  19,2   08:26   0,0   5,3   0,0   5,2  27,0   15:24   WSW
 5  23,0  29,8   16:59  17,1   08:22   0,1   4,8   0,0   3,7  25,6   14:30     S
 6  23,7  29,9   17:41  17,3   09:27   0,0   5,4   0,0   3,2  20,9   12:38   ENE
 7  23,7  30,3   17:19  17,1   09:05   0,1   5,5   0,0   4,3  24,5   16:17    NE
 8  24,3  30,4   17:01  19,1   04:27   0,0   6,0   0,0   7,5  33,1   17:25    NE
 9  24,1  29,8   17:45  19,4   06:07   0,0   5,8   0,0   7,6  35,6   12:59    NE
10  23,5  30,0   18:04  18,2   04:42   0,0   5,2   0,0   6,0  25,6   10:57    NE
11  22,6  30,8   17:24  15,9   08:28   0,3   4,6   0,0   5,7  40,3   19:07   SSW
12  19,0  24,0   17:55  13,8   08:02   1,0   1,7   0,0   6,4  35,6   15:08    SW
13  19,1  26,2   18:20  12,5   08:48   1,5   2,3   0,0   3,8  24,5   19:55   SSW
14  20,6  27,1   16:48  14,7   08:52   0,8   3,0   0,0   4,8  30,6   20:20   SSW
15  22,0  29,3   18:02  15,9   07:50   0,4   4,1   0,0   3,3  15,8   12:35    SE
16  23,7  31,2   17:30  16,5   08:39   0,2   5,6   0,0   5,6  22,0   13:28   NNE
17  23,3  30,4   17:20  17,5   09:30   0,0   5,0   0,0   4,1  22,0   12:54   SSE
18  19,1  21,9   13:55  14,5   08:57   0,9   1,7   0,0   3,0  14,8   13:35    SW
19  20,6  24,3   13:44  17,5   03:57   0,1   2,4   2,7   6,2  33,1   17:51     S
20  20,1  25,8   17:00  15,2   09:21   0,5   2,3   0,0   4,7  19,4   15:55   WSW
21  19,3  24,5   15:35  14,2   09:11   1,0   2,0   0,0   3,4  20,9   17:07   SSW
22  18,2  21,0   13:32  15,8   03:09   0,8   0,6  81,3   9,1  54,0   16:28   SSW
23  20,2  23,8   16:14  17,3   09:37   0,1   2,1   0,3   4,5  15,8   16:34   SSW
24  20,8  24,3   14:10  19,2   05:30   0,0   2,5  24,0   9,2  46,4   13:27     S
25  18,5  21,6   17:45  15,9   22:50   0,6   0,8  62,0   6,8  37,8   18:08   SSE
26  17,9  22,4   16:06  15,1   07:11   1,2   0,9   0,0  ----  27,0   14:21     N
27  17,2  25,1   18:03  13,5   06:48   2,1   1,0   0,0  ----  14,8   21:31   NNE
28  19,5  27,2   15:41  17,3   03:09   0,4   1,7   0,0  ----  36,7   20:29   NNW
29  17,5  21,1   14:24  12,8   08:03   1,5   0,6   0,0  ----  39,2   15:39   NNW
30  16,7  21,5   15:23  13,2   07:03   2,3   0,6   0,0  ----  28,1   15:49   NNE
31  15,8  22,0   17:02  10,0   08:04   3,1   0,6   0,0  ----  24,5   11:55    NE
----------------------------------------------------------------------------------
    20,8  31,2    16    10,0    31    19,0  96,8 172,1   5,3  54,0    22       S

Max >=  30,0:  6
Max <=  15,0:  0
Min <=  22,0: 31
Min <=   0,0:  0
Max Rain: 81,3 on day 22
Days of Rain: 4 (>= 2,0 mm)  3 (>= 10,0 mm)  2 (>= 40,0 mm)
Heat Base: 18,3  Cool Base: 18,3  Method: Integration