No es requerida especial atención con respecto al clima.   -   No hay avisos meteorológicos

Informes Estilo NOAA

Seleccione un año o mes para ver el informe
2018: Ene Feb Mar Abr May Jun Jul Ago Sep Oct Nov Dic
2017: Ene Feb Mar Abr May Jun Jul Ago Sep Oct Nov Dic
2016: Ene Feb Mar Abr May Jun Jul Ago Sep Oct Nov Dic
2015: Ene Feb Mar Abr May Jun Jul Ago Sep Oct Nov Dic
2014: Ene Feb Mar Abr May Jun Jul Ago Sep Oct Nov Dic
2013: Ene Feb Mar Abr May Jun Jul Ago Sep Oct Nov Dic
2012: Ene Feb Mar Abr May Jun Jul Ago Sep Oct Nov Dic
2011: Ene Feb Mar Abr May Jun Jul Ago Sep Oct Nov Dic

Informe 2014 Marzo
                   Monthly Climatological Summary for mar 2014

Name: MeteoGerena   City: Gerena (Sevilla)   State: España
Elevation: 120 m  Lat: N 37° 31' 28"   Lon: W 006° 09' 29"

                  Temperature (°C), Rain (mm), Wind Speed (km/h)

                                      Heat  Cool        Avg
    Mean                              Deg   Deg         Wind                 Dom
Day Temp  High   Time   Low    Time   Days  Days  Rain  Speed High   Time    Dir
----------------------------------------------------------------------------------
 1  14,5  18,6   13:57  11,6   08:34   3,8   0,0   0,0  12,7  46,4   21:22   WSW
 2  15,5  19,5   14:04  13,1   04:19   2,8   0,1   0,0  11,8  43,9   20:50   WSW
 3  13,6  17,1   15:22   9,9   23:54   4,7   0,0   0,0  10,3  35,6   10:35     W
 4  11,9  17,7   17:05   5,7   07:14   6,4   0,0   0,0   6,9  31,7   11:55   WNW
 5  15,1  21,8   17:29   9,1   04:04   3,9   0,7   0,0   5,3  27,0   12:26    NW
 6  16,4  24,2   17:13   9,5   08:30   3,3   1,4   0,0   5,1  23,4   11:39    NE
 7  16,5  22,3   15:24  10,6   06:44   2,7   0,8   0,0  11,6  41,8   17:03    NE
 8  16,8  24,0   17:00  12,0   07:34   2,7   1,1   0,0  15,1  41,8   10:13    NE
 9  16,1  22,9   16:49  11,5   08:28   3,1   0,8   0,0  11,2  31,7   10:53    NE
10  15,3  20,8   16:39  11,2   06:49   3,4   0,4   0,0  18,1  51,5   12:20    NE
11  15,8  22,3   16:04  10,9   13:41   3,2   0,7   0,0  12,6  36,7   11:47    NE
12  15,3  20,8   16:39  11,1   09:21   3,3   0,3   0,0  11,0  33,1   12:16    NE
13  14,4  19,8   15:23   9,6   06:16   4,0   0,1   0,0   5,9  23,4   10:05    NE
14  14,0  19,8   16:12   7,5   08:16   4,4   0,1   0,0   5,0  20,9   14:09    NE
15  15,4  23,1   16:40   8,2   08:37   3,9   1,0   0,0   5,1  29,5   14:03    NE
16  16,9  25,7   16:55   7,8   07:37   3,3   1,9   0,0   4,6  22,0   00:08    NE
17  18,0  26,6   16:24   8,7   07:06   2,6   2,4   0,0   4,7  22,0   12:06     N
18  18,0  26,5   16:57  10,1   08:03   2,6   2,3   0,0   4,9  27,0   22:50   NNW
19  16,4  24,3   16:16  10,5   08:28   2,9   1,0   0,0   5,3  28,1   17:14     S
20  15,2  21,1   16:32   9,8   07:49   3,6   0,5   0,0   7,0  31,7   18:29    SW
21  15,0  22,7   16:02   9,2   06:48   4,1   0,8   0,0   5,6  27,0   19:07    SW
22  14,0  21,4   16:04   9,9   05:53   4,6   0,3   3,0   4,8  29,5   19:00    NW
23  13,3  20,2   17:20   6,4   07:22   5,2   0,2   0,0   7,0  34,2   13:27     N
24  14,2  22,2   15:42   7,7   06:58   4,6   0,4   0,0   6,0  33,1   14:11   WSW
25  13,7  20,8   14:32   5,9   08:14   4,9   0,3   0,0  10,8  42,8   18:43    NW
26  13,3  18,2   17:16   7,8   07:38   5,0   0,0   0,0   9,8  30,6   01:03    NW
27  11,7  17,5   16:00   4,8   07:58   6,6   0,0   0,0  10,4  37,8   15:12   SSW
28   9,4  11,7   00:00   8,1   07:38   8,9   0,0  16,8   6,6  22,0   01:49   ENE
29  11,7  17,5   15:37   8,2   08:18   6,6   0,0   0,3   8,5  41,8   15:15    SW
30  11,9  17,4   17:34   6,5   06:58   6,3   0,0   2,7   8,3  43,9   17:49     S
31  15,0  20,4   16:39  12,4   09:13   3,5   0,2   3,9  12,8  54,0   14:41     S
----------------------------------------------------------------------------------
    14,7  26,6    17     4,8    27   130,9  17,8  26,7   8,8  54,0    31       N

Max >=  30,0:  0
Max <=  15,0:  1
Min <=  22,0: 31
Min <=   0,0:  0
Max Rain: 16,8 on day 28
Days of Rain: 4 (>= 2,0 mm)  1 (>= 10,0 mm)  0 (>= 40,0 mm)
Heat Base: 18,3  Cool Base: 18,3  Method: Integration