No es requerida especial atención con respecto al clima.   -   No hay avisos meteorológicos

Informes Estilo NOAA


Informe 2014 Mayo
                   Monthly Climatological Summary for may 2014

Name: MeteoGerena   City: Gerena (Sevilla)   State: España
Elevation: 120 m  Lat: N 37° 31' 28"   Lon: W 006° 09' 29"

                  Temperature (°C), Rain (mm), Wind Speed (km/h)

                                      Heat  Cool        Avg
    Mean                              Deg   Deg         Wind                 Dom
Day Temp  High   Time   Low    Time   Days  Days  Rain  Speed High   Time    Dir
----------------------------------------------------------------------------------
 1  24,6  31,9   17:11  16,7   08:06   0,1   6,4   0,0   5,8  25,6   17:26     N
 2  25,7  32,4   16:57  17,0   07:57   0,0   7,4   0,0  10,6  33,1   15:41   NNE
 3  24,1  30,1   17:26  17,0   07:43   0,1   5,8   0,0  11,2  37,8   11:04    NE
 4  23,5  30,9   18:52  14,3   07:07   0,4   5,5   0,0   7,4  27,0   11:37   ENE
 5  23,6  32,2   18:13  15,3   07:17   0,4   5,8   0,0   6,0  22,0   13:40     E
 6  24,0  33,0   17:57  15,9   05:18   0,4   6,1   0,0   7,4  27,0   10:25   ENE
 7  24,6  32,9   17:52  15,6   07:44   0,1   6,4   0,0   6,9  25,6   15:57     W
 8  24,2  29,9   16:44  17,4   07:25   0,0   5,9   0,0  10,0  29,5   17:29   SSW
 9  23,8  32,5   16:34  16,6   07:29   0,2   5,7   0,0   8,3  30,6   20:30   SSW
10  24,5  34,1   18:09  16,8   05:55   0,1   6,3   0,0   7,5  30,6   18:41    SW
11  27,4  35,4   17:28  19,4   07:34   0,0   9,2   0,0   5,6  22,0   23:51     N
12  27,5  34,4   16:24  20,8   07:09   0,0   9,2   0,0  10,5  33,1   19:34    SW
13  26,2  35,1   17:41  18,3   07:24   0,0   8,0   0,0   8,4  31,7   19:30    SW
14  24,4  31,8   16:57  17,0   06:21   0,1   6,2   0,0  13,4  35,6   19:29    NE
15  23,8  31,6   17:07  17,5   07:21   0,1   5,6   0,0  14,3  43,9   10:06    NE
16  22,4  29,8   18:20  15,7   05:53   0,4   4,6   0,0   8,9  33,1   22:06   ENE
17  21,7  29,4   17:32  15,1   07:15   0,4   3,8   0,0   9,1  40,3   18:36    SW
18  21,4  29,3   17:59  15,7   04:02   0,6   3,7   0,0   9,3  43,9   19:05    SW
19  19,2  24,2   14:21  13,6   07:10   0,8   1,7   0,0  14,1  49,0   15:23   SSW
20  17,5  21,3   17:18  14,3   07:57   1,4   0,5   0,0  10,3  43,9   18:21    SW
21  16,5  20,6   14:41  12,9   07:17   2,1   0,3  12,6  17,6  57,6   16:41    SW
22  16,7  23,4   17:08  10,7   07:32   2,8   1,2   0,0   8,8  36,7   17:44    SW
23  17,5  23,3   17:54  11,2   07:26   2,1   1,3   0,0   5,1  22,0   19:05   WSW
24  19,3  25,2   17:03  14,3   07:14   1,2   2,2   0,0   9,2  41,8   18:53   WSW
25  18,3  25,6   18:57  11,9   07:17   1,9   1,9   0,0   8,4  41,8   19:22    SW
26  19,7  28,0   17:52  11,3   06:39   1,7   3,2   0,0   6,5  24,5   02:54    NW
27  20,6  27,3   17:52  13,6   06:23   0,9   3,1   0,0   7,2  36,7   17:01     W
28  20,5  26,1   18:23  15,8   05:12   0,5   2,7   0,0  10,0  28,1   14:50     W
29  22,1  30,2   17:54  15,0   07:24   0,7   4,5   0,0   8,6  27,0   09:09    NW
30  23,1  30,2   18:12  16,2   06:42   0,2   5,0   0,0   8,2  30,6   17:24    NW
31  24,1  29,8   15:35  17,9   07:15   0,0   5,8   0,0   9,3  30,6   19:20   NNW
----------------------------------------------------------------------------------
    22,3  35,4    11    10,7    22    19,7 145,0  12,6   9,2  57,6    21     WSW

Max >=  30,0: 16
Max <=  15,0:  0
Min <=  22,0: 31
Min <=   0,0:  0
Max Rain: 12,6 on day 21
Days of Rain: 1 (>= 2,0 mm)  1 (>= 10,0 mm)  0 (>= 40,0 mm)
Heat Base: 18,3  Cool Base: 18,3  Method: Integration