No es requerida especial atención con respecto al clima.   -   No hay avisos meteorológicos

Informes Estilo NOAA


Informe 2014 Junio
                   Monthly Climatological Summary for jun 2014

Name: MeteoGerena   City: Gerena (Sevilla)   State: España
Elevation: 120 m  Lat: N 37° 31' 28"   Lon: W 006° 09' 29"

                  Temperature (°C), Rain (mm), Wind Speed (km/h)

                                      Heat  Cool        Avg
    Mean                              Deg   Deg         Wind                 Dom
Day Temp  High   Time   Low    Time   Days  Days  Rain  Speed High   Time    Dir
----------------------------------------------------------------------------------
 1  22,9  30,0   18:21  16,7   05:01   0,2   4,8   0,0   8,0  36,7   18:22   ENE
 2  23,0  32,1   16:46  14,3   06:30   0,4   5,1   0,0   9,7  43,9   18:52    SW
 3  24,1  31,9   17:14  16,5   07:39   0,2   6,0   0,0  10,9  41,8   18:57    SW
 4  23,4  32,0   17:12  15,6   07:06   0,3   5,3   0,0  10,5  47,9   18:45    SW
 5  23,3  30,7   16:58  15,2   06:21   0,4   5,3   0,0   5,8  22,0   13:19     S
 6  22,0  27,1   15:05  16,5   07:05   0,1   3,8   0,0  14,4  37,8   16:40    SW
 7  22,1  28,5   17:11  17,7   01:21   0,1   3,9   0,0  10,5  36,7   18:49    SW
 8  22,0  30,2   18:28  15,3   07:23   0,6   4,0   0,0   9,6  36,7   19:44    SW
 9  23,9  31,3   18:09  16,0   08:05   0,5   5,4   0,0  10,4  31,7   19:49   WSW
10  25,6  31,8   18:24  17,9   07:04   0,0   7,0   0,0   5,6  25,6   13:03   SSW
11  28,1  35,0   18:45  19,9   07:08   0,0   9,3   0,0   7,9  27,0   12:47   ENE
12  29,4  36,2   18:06  21,2   05:18   0,0  10,6   0,0   9,7  30,6   15:49    NE
13  29,9  38,4   18:38  21,0   06:20   0,0  11,6   0,0   5,3  22,0   13:58   ENE
14  30,8  40,1   17:27  22,0   07:24   0,0  12,4   0,0   6,5  34,2   19:28   SSW
15  30,1  37,8   17:23  23,0   07:03   0,0  11,9   0,0   6,5  35,6   18:18     S
16  25,0  30,0   17:44  20,2   07:03   0,0   6,7   0,0  14,3  39,2   19:34    SW
17  24,4  29,3   18:18  20,5   05:42   0,0   6,1   0,0  11,2  33,1   12:35    SW
18  23,0  28,4   19:01  18,1   06:51   0,0   4,8   0,0   8,2  29,5   20:25   SSW
19  22,4  29,0   16:55  17,3   06:07   0,1   4,2   0,0   8,6  34,2   19:19   SSW
20  22,0  27,9   16:13  16,8   07:23   0,1   3,8   0,0  13,6  39,2   20:35    SW
21  21,2  26,7   17:33  16,5   04:58   0,3   3,1   1,5   9,5  29,5   18:53   SSW
22  21,2  26,9   16:58  15,4   07:23   0,6   3,6   0,0   9,7  37,8   19:01   SSW
23  19,8  23,9   20:17  15,8   06:53   0,4   1,9   3,9   7,9  35,6   12:49   WSW
24  18,4  23,9   13:39  15,4   07:57   0,9   1,1  21,0   8,2  36,7   14:09   SSW
25  21,5  28,6   18:02  15,4   05:57   0,6   3,8   0,0  11,1  37,8   21:03    SW
26  23,4  31,3   18:13  17,1   07:08   0,1   5,2   0,0   7,7  41,8   18:48    SW
27  25,7  34,4   19:06  17,5   04:22   0,1   7,5   0,0   8,9  29,5   20:55   SSW
28  26,9  34,8   16:57  19,0   06:53   0,0   8,6   0,0  10,0  36,7   19:09   WSW
29  25,8  33,2   18:12  18,8   07:22   0,0   7,5   0,0   7,7  28,1   20:42   WNW
30  25,3  32,5   16:48  18,6   05:11   0,0   7,0   0,0  12,9  40,3   18:23    SW
----------------------------------------------------------------------------------
    24,2  40,1    14    14,3     2     6,0 181,3  26,4   9,2  47,9     4      SW

Max >=  30,0: 19
Max <=  15,0:  0
Min <=  22,0: 29
Min <=   0,0:  0
Max Rain: 21,0 on day 24
Days of Rain: 2 (>= 2,0 mm)  1 (>= 10,0 mm)  0 (>= 40,0 mm)
Heat Base: 18,3  Cool Base: 18,3  Method: Integration