No es requerida especial atención con respecto al clima.   -   No hay avisos meteorológicos

Informes Estilo NOAA


Informe 2014 Julio
                   Monthly Climatological Summary for jul 2014

Name: MeteoGerena   City: Gerena (Sevilla)   State: España
Elevation: 120 m  Lat: N 37° 31' 28"   Lon: W 006° 09' 29"

                  Temperature (°C), Rain (mm), Wind Speed (km/h)

                                      Heat  Cool        Avg
    Mean                              Deg   Deg         Wind                 Dom
Day Temp  High   Time   Low    Time   Days  Days  Rain  Speed High   Time    Dir
----------------------------------------------------------------------------------
 1  23,6  30,1   17:17  16,6   07:01   0,1   5,3   0,0  12,2  40,3   17:17   WSW
 2  21,8  27,4   17:02  16,8   07:21   0,1   3,6   0,0  11,7  43,9   18:24     W
 3  22,5  28,6   15:51  16,7   07:26   0,2   4,4   0,0  11,2  39,2   19:30    SW
 4  24,2  33,6   18:57  16,7   07:51   0,2   6,1   0,0   8,5  39,2   19:43    SW
 5  26,2  34,5   16:32  18,7   00:02   0,0   7,9   0,0   6,4  40,3   19:02    SW
 6  23,8  28,9   16:07  18,5   07:22   0,0   5,5   0,0  10,5  36,7   20:52    SW
 7  24,7  33,7   19:01  16,9   07:26   0,0   6,4   0,0   9,4  35,6   19:20   SSW
 8  28,1  37,9   18:50  19,1   07:17   0,0   9,8   0,0   6,3  31,7   14:52    SE
 9  29,5  37,7   17:30  21,4   06:14   0,0  11,2   0,0   8,2  39,2   21:48    SW
10  27,4  35,7   16:25  20,5   04:44   0,0   9,0   0,0  10,2  43,9   18:12    SW
11  27,9  36,0   17:59  19,7   06:58   0,0   9,7   0,0   9,3  39,2   16:10   SSW
12  26,4  34,5   17:25  19,5   06:42   0,0   8,1   0,0   9,2  39,2   17:02   SSW
13  26,3  34,4   19:31  20,6   04:23   0,0   8,0   0,0   9,8  31,7   17:03   SSW
14  28,5  38,3   17:52  19,4   06:50   0,0  10,2   0,0   5,1  25,6   20:19    SW
15  30,8  39,3   17:29  22,7   07:20   0,0  12,5   0,0   7,8  33,1   18:47    SW
16  31,2  39,8   18:34  22,4   07:31   0,0  12,8   0,0   7,8  31,7   19:33   SSW
17  31,3  39,4   18:31  23,1   06:28   0,0  13,0   0,0   8,3  31,7   21:43   SSW
18  26,5  32,8   18:20  22,4   07:44   0,0   8,2   0,0  11,6  36,7   20:18   SSW
19  23,1  28,0   15:52  20,1   00:03   0,0   4,8   0,0  13,9  39,2   17:40    SW
20  24,4  33,1   18:10  17,1   07:33   0,1   6,2   0,0   7,1  36,7   19:49   WSW
21  27,4  36,1   19:16  18,5   07:18   0,0   9,1   0,0   7,1  31,7   20:55   ESE
22  29,2  38,2   18:48  20,7   06:19   0,0  10,9   0,0   6,5  34,2   21:09     S
23  29,2  37,0   17:32  20,9   07:30   0,0  10,9   0,0   9,6  35,6   18:58   SSW
24  27,3  35,4   17:23  19,5   07:11   0,0   9,0   0,0  10,4  46,4   18:45    SW
25  26,7  35,4   18:06  18,6   07:15   0,0   8,4   0,0   8,2  30,6   15:13    SW
26  26,0  34,4   17:54  19,0   05:25   0,0   7,7   0,0   7,0  31,7   17:56   SSW
27  25,9  33,3   16:56  19,6   07:35   0,0   7,6   0,0   8,2  30,6   17:52    SW
28  24,8  33,7   17:01  19,1   03:39   0,0   6,6   0,0   9,8  36,7   18:45   SSW
29  24,2  31,6   19:06  19,4   04:01   0,0   5,9   0,0   9,5  28,1   17:42   SSW
30  24,9  35,1   18:46  17,5   07:04   0,1   6,7   0,0   8,1  36,7   19:09    SW
31  23,0  29,9   17:29  18,0   06:53   0,0   4,4   0,0   5,5  37,8   18:54    SW
----------------------------------------------------------------------------------
    26,3  39,8    16    16,6     1     0,8 249,9   0,0   8,8  46,4    24      SW

Max >=  30,0: 26
Max <=  15,0:  0
Min <=  22,0: 27
Min <=   0,0:  0
Max Rain: 0,0 on day 0
Days of Rain: 0 (>= 2,0 mm)  0 (>= 10,0 mm)  0 (>= 40,0 mm)
Heat Base: 18,3  Cool Base: 18,3  Method: Integration