No es requerida especial atención con respecto al clima.   -   No hay avisos meteorológicos

Informes Estilo NOAA

Seleccione un año o mes para ver el informe
2018: Ene Feb Mar Abr May Jun Jul Ago Sep Oct Nov Dic
2017: Ene Feb Mar Abr May Jun Jul Ago Sep Oct Nov Dic
2016: Ene Feb Mar Abr May Jun Jul Ago Sep Oct Nov Dic
2015: Ene Feb Mar Abr May Jun Jul Ago Sep Oct Nov Dic
2014: Ene Feb Mar Abr May Jun Jul Ago Sep Oct Nov Dic
2013: Ene Feb Mar Abr May Jun Jul Ago Sep Oct Nov Dic
2012: Ene Feb Mar Abr May Jun Jul Ago Sep Oct Nov Dic
2011: Ene Feb Mar Abr May Jun Jul Ago Sep Oct Nov Dic

Informe 2014 Agosto
                   Monthly Climatological Summary for ago 2014

Name: MeteoGerena   City: Gerena (Sevilla)   State: España
Elevation: 120 m  Lat: N 37° 31' 28"   Lon: W 006° 09' 29"

                  Temperature (°C), Rain (mm), Wind Speed (km/h)

                                      Heat  Cool        Avg
    Mean                              Deg   Deg         Wind                 Dom
Day Temp  High   Time   Low    Time   Days  Days  Rain  Speed High   Time    Dir
----------------------------------------------------------------------------------
 1  22,1  30,2   18:46  17,7   04:44   0,0   3,9   0,0  10,5  40,3   19:32    SW
 2  23,4  31,4   17:13  17,3   07:39   0,0   5,1   0,0  10,3  43,9   19:02    SW
 3  25,4  33,5   19:02  18,1   06:13   0,0   7,2   0,0   8,4  36,7   20:46    SW
 4  26,6  35,3   17:36  19,6   07:16   0,0   8,3   0,0   9,0  45,4   19:47    SW
 5  27,1  36,7   18:45  18,4   07:38   0,0   8,8   0,0   7,3  33,1   18:58     S
 6  29,1  37,7   17:19  21,5   07:59   0,0  10,8   0,0   8,1  34,2   20:00   SSW
 7  29,1  38,6   17:41  20,8   06:50   0,0  10,9   0,0   7,0  31,7   16:50   SSW
 8  29,8  37,8   18:10  21,5   08:02   0,0  11,5   0,0   8,5  40,3   19:35    SW
 9  29,3  36,4   17:17  22,6   07:10   0,0  11,0   0,0   9,0  39,2   18:42    SW
10  28,2  36,8   17:52  21,8   07:14   0,0   9,9   0,0   9,2  40,3   19:23    SW
11  27,0  36,0   18:30  20,2   07:24   0,0   8,7   0,0   9,1  43,9   19:00    SW
12  27,6  36,1   17:43  20,0   08:12   0,0   9,2   0,0   9,0  42,8   18:12   SSW
14  27,7  35,7   17:25  20,7   07:50   0,0   8,9   0,0   5,5  35,4   19:31   SSW
15  27,5  35,9   17:00  19,3   07:30   0,0   8,9   0,0   8,9  30,6   20:13    SW
16  27,9  36,6   18:12  19,6   05:47   0,0   9,5   0,0   4,6  27,4   20:55   SSW
17  29,2  35,7   17:55  22,8   06:00   0,0  10,9   0,0  10,1  38,6   12:20    NE
18  28,2  34,3   16:55  22,9   08:23   0,0   9,8   0,0   7,1  32,2   16:59    SW
19  25,0  32,3   16:47  20,3   05:51   0,0   6,6   0,0   7,3  35,4   18:07   SSW
20  24,7  34,4   17:51  18,5   04:00   0,0   6,3   0,0   5,8  32,2   19:06    SW
21  25,9  34,2   16:20  18,2   07:08   0,0   7,6   0,0   6,0  35,4   19:09    SW
22  25,6  34,0   17:26  18,3   07:38   0,0   7,3   0,0   5,2  29,0   20:05   WSW
23  27,1  35,1   18:28  19,8   07:16   0,0   8,8   0,0   4,3  29,0   19:17    SW
24  27,2  35,8   18:25  18,9   05:39   0,0   9,0   0,0   4,0  24,1   22:17    SE
25  28,8  37,6   17:52  21,1   05:59   0,0  10,4   0,0   4,4  25,7   20:20   SSE
26  30,0  39,3   18:14  19,5   07:43   0,0  11,6   0,0  ----  27,4   19:01     S
27  31,3  39,6   17:13  24,0   07:37   0,0  12,9   0,0  ----  30,6   20:22   SSW
28  32,1  39,3   17:37  24,2   08:08   0,0  13,7   0,0  ----  40,2   18:14   WSW
29  30,3  37,6   18:36  23,3   08:05   0,0  11,9   0,0  ----  30,6   18:32     W
30  27,4  34,2   16:34  20,8   07:24   0,0   9,1   0,0  ----  32,2   18:19   SSW
31  27,2  35,6   18:32  18,6   07:11   0,0   8,5   0,0  ----  27,4   20:50    SW
----------------------------------------------------------------------------------
    27,6  39,6    27    17,3     2     0,0 277,0   0,0   8,3  45,4     4      SW

Max >=  30,0: 30
Max <=  15,0:  0
Min <=  22,0: 24
Min <=   0,0:  0
Max Rain: 0,0 on day 0
Days of Rain: 0 (>= 2,0 mm)  0 (>= 10,0 mm)  0 (>= 40,0 mm)
Heat Base: 18,3  Cool Base: 18,3  Method: Integration