No es requerida especial atención con respecto al clima.   -   No hay avisos meteorológicos

Informes Estilo NOAA


Informe 2015 Junio
                   Monthly Climatological Summary for jun 2015

Name: MeteoGerena   City: Gerena (Sevilla)   State: España
Elevation: 120 m  Lat: N 37° 31' 28"   Lon: W 006° 09' 29"

                  Temperature (°C), Rain (mm), Wind Speed (km/h)

                                      Heat  Cool        Avg
    Mean                              Deg   Deg         Wind                 Dom
Day Temp  High   Time   Low    Time   Days  Days  Rain  Speed High   Time    Dir
----------------------------------------------------------------------------------
 1  24,8  32,2   18:10  17,4   07:15   0,1   6,5   0,0   5,8  25,7   15:32   SSW
 2  26,2  34,9   19:10  18,2   06:25   0,0   7,9   0,0   3,7  24,1   18:03   ESE
 3  28,1  34,9   20:11  20,1   06:15   0,0   9,7   0,0  10,2  38,6   14:08   ENE
 4  27,8  33,9   18:17  21,9   07:00   0,0   9,5   0,0  10,1  32,2   09:36   ENE
 5  27,5  35,1   17:28  20,5   05:45   0,0   9,2   0,0   7,2  25,7   10:40   ENE
 6  28,4  35,6   17:10  20,9   05:55   0,0  10,0   0,0   6,7  29,0   09:19   ESE
 7  27,3  34,9   18:40  21,4   04:00   0,0   8,9   0,0  10,6  40,2   16:32    NE
 8  26,2  31,7   15:10  21,8   07:34   0,0   7,8   0,0   8,5  33,8   18:58    NW
 9  25,4  32,4   17:29  19,1   07:10   0,0   7,0   0,0   6,4  37,0   19:08    SW
10  23,3  28,1   16:16  18,8   06:55   0,0   5,0   0,0   8,6  33,8   19:24    SW
11  20,5  24,2   18:45  17,7   07:30   0,0   2,2   0,0   8,5  30,6   20:17    SW
12  20,6  25,3   15:10  16,1   06:20   0,4   2,7   0,0   7,0  35,4   19:46    SW
13  19,5  23,9   16:28  16,3   07:15   0,4   1,7   0,0   8,2  35,4   16:51   WSW
14  18,2  23,7   15:01  12,1   06:20   1,2   1,1   1,6   6,4  37,0   14:18   WSW
15  19,3  25,1   18:51  14,5   08:20   1,0   2,0   4,2   6,4  33,8   19:54   WSW
16  22,4  30,6   18:31  14,4   07:20   0,6   4,7   0,0   4,6  33,8   15:56   SSE
17  26,4  33,6   18:09  19,3   02:40   0,0   8,0   0,0   5,4  25,7   13:50   ESE
18  26,8  34,1   18:50  18,1   05:35   0,0   8,5   0,0   6,3  32,2   20:52     S
19  27,4  36,1   19:54  19,2   07:20   0,0   9,0   0,0   6,2  25,7   21:20     S
20  29,0  37,6   17:34  20,4   06:15   0,0  10,7   0,0   5,9  33,8   18:49    SW
21  27,4  33,7   16:25  20,1   07:06   0,0   9,0   0,0   6,3  29,0   14:50    SW
22  25,0  31,9   18:06  20,4   04:55   0,0   6,7   0,0   7,6  30,6   19:03   SSW
23  24,8  31,7   17:23  16,8   08:05   0,1   6,6   0,0   7,8  41,8   14:58   WSW
24  25,3  31,6   16:13  17,5   07:05   0,0   7,0   0,0   6,1  29,0   19:25    SW
25  26,5  35,6   17:44  17,5   06:20   0,1   8,2   0,0   4,9  37,0   16:32   SSE
26  29,7  38,3   19:21  21,8   05:30   0,0  11,5   0,0   6,0  27,4   14:21   ENE
27  32,6  40,7   18:03  23,4   05:55   0,0  14,2   0,0   6,5  29,0   14:32   ENE
28  33,2  41,4   18:22  24,3   07:20   0,0  14,8   0,0   5,7  27,4   19:15    SW
29  30,0  37,6   17:09  21,9   08:29   0,0  11,7   0,0   5,7  25,7   15:53    SW
30  26,4  31,8   18:18  21,5   05:50   0,0   8,0   0,0   7,7  30,6   14:56    SW
----------------------------------------------------------------------------------
    25,9  41,4    28    12,1    14     3,9 229,8   5,8   6,9  41,8    23     SSW

Max >=  30,0: 24
Max <=  15,0:  0
Min <=  20,0: 16
Min <=   0,0:  0
Max Rain: 4,2 on day 15
Days of Rain: 1 (>= 2,0 mm)  0 (>= 10,0 mm)  0 (>= 40,0 mm)
Heat Base: 18,3  Cool Base: 18,3  Method: Integration