No es requerida especial atención con respecto al clima.   -   No hay avisos meteorológicos

Informes Estilo NOAA

Seleccione un año o mes para ver el informe
2018: Ene Feb Mar Abr May Jun Jul Ago Sep Oct Nov Dic
2017: Ene Feb Mar Abr May Jun Jul Ago Sep Oct Nov Dic
2016: Ene Feb Mar Abr May Jun Jul Ago Sep Oct Nov Dic
2015: Ene Feb Mar Abr May Jun Jul Ago Sep Oct Nov Dic
2014: Ene Feb Mar Abr May Jun Jul Ago Sep Oct Nov Dic
2013: Ene Feb Mar Abr May Jun Jul Ago Sep Oct Nov Dic
2012: Ene Feb Mar Abr May Jun Jul Ago Sep Oct Nov Dic
2011: Ene Feb Mar Abr May Jun Jul Ago Sep Oct Nov Dic

Informe 2015 Julio
                   Monthly Climatological Summary for jul 2015

Name: MeteoGerena   City: Gerena (Sevilla)   State: España
Elevation: 120 m  Lat: N 37° 31' 28"   Lon: W 006° 09' 29"

                  Temperature (°C), Rain (mm), Wind Speed (km/h)

                                      Heat  Cool        Avg
    Mean                              Deg   Deg         Wind                 Dom
Day Temp  High   Time   Low    Time   Days  Days  Rain  Speed High   Time    Dir
----------------------------------------------------------------------------------
 1  24,8  34,1   16:44  18,1   06:20   0,0   6,5   0,0   7,3  33,8   18:23    SW
 2  27,0  34,8   17:31  20,0   07:35   0,0   8,6   0,0   6,2  32,2   17:53   SSW
 3  27,7  35,5   18:09  20,6   06:25   0,0   9,3   0,0   6,5  25,7   13:39    SW
 4  29,5  38,2   18:30  21,1   06:42   0,0  11,2   0,0   4,7  33,8   21:29   SSW
 5  31,8  39,7   18:10  24,1   07:24   0,0  13,5   0,0   5,2  25,7   19:11    SW
 6  32,8  41,7   18:10  24,8   06:35   0,0  14,4   0,0   4,8  29,0   19:06   SSW
 7  33,0  42,2   17:27  24,6   07:20   0,0  14,7   0,0   6,2  29,0   17:31    SW
 8  32,1  40,2   18:10  24,0   07:35   0,0  13,7   0,0   5,4  29,0   17:09    SW
 9  28,5  35,9   18:30  21,1   07:15   0,0  10,1   0,0   5,4  27,4   18:10   SSW
10  26,5  35,6   18:30  18,6   07:00   0,0   8,2   0,0   5,8  29,0   22:13    SW
11  28,7  38,9   18:40  19,8   07:00   0,0  10,4   0,0   4,7  27,4   19:55   SSW
12  30,4  38,9   18:17  22,6   06:42   0,0  11,9   0,0   6,4  29,0   21:01    SW
13  29,8  38,8   17:50  20,5   07:20   0,0  11,3   0,0   5,8  29,0   18:36    SW
14  30,3  40,3   17:18  21,2   07:15   0,0  12,0   0,0   4,5  30,6   18:02   SSE
15  31,1  41,4   17:46  22,2   05:15   0,0  12,7   0,0   5,1  33,8   19:43   SSW
16  33,1  40,7   16:39  25,3   07:12   0,0  14,8   0,0   6,5  27,4   18:45    SW
17  31,5  37,2   15:06  27,7   23:42   0,0  13,1   0,0   8,3  45,1   17:51   WSW
18  30,0  37,8   18:26  22,3   04:55   0,0  11,6   0,0   5,4  35,4   19:49    SW
19  30,8  38,6   18:26  24,3   07:35   0,0  12,4   0,0   5,7  40,2   19:48    SW
20  31,6  38,6   18:12  24,3   07:20   0,0  13,2   0,0   4,9  27,4   17:40    SW
21  31,0  39,4   18:24  23,8   07:05   0,0  12,6   0,0   7,6  35,4   20:45    SW
22  32,6  40,6   17:43  23,9   06:45   0,0  14,2   0,0   5,3  32,2   17:19   WNW
23  32,0  39,3   17:48  25,2   07:00   0,0  13,7   0,0   7,7  37,0   18:46    SW
24  29,7  36,7   17:44  22,4   05:40   0,0  11,3   0,0   6,7  32,2   19:15   WNW
25  28,5  35,3   17:35  21,4   07:55   0,0  10,1   0,0   6,4  29,0   20:05   WSW
26  28,7  38,2   18:35  20,4   07:05   0,0  10,4   0,0   4,7  27,4   19:23    SW
27  31,3  40,2   18:54  22,8   06:30   0,0  13,0   0,0   5,7  33,8   19:58   SSW
28  32,3  40,5   16:58  24,3   06:40   0,0  13,9   0,0   5,2  29,0   17:15   SSW
29  31,7  39,8   18:51  23,2   06:30   0,0  13,3   0,0   5,5  30,6   17:02   WSW
30  30,0  36,7   15:59  23,2   07:35   0,0  11,6   0,0   8,0  45,1   19:40    SW
31  27,5  32,9   15:27  23,3   23:55   0,0   9,0   0,0   7,6  43,5   17:26    SW
----------------------------------------------------------------------------------
    30,2  42,2     7    18,1     1     0,0 366,7   0,0   6,0  45,1    17      SW

Max >=  40,0:  9
Max <=  15,0:  0
Min <=  20,0:  4
Min <=   0,0:  0
Max Rain: 0,0 on day 0
Days of Rain: 0 (>= 2,0 mm)  0 (>= 10,0 mm)  0 (>= 40,0 mm)
Heat Base: 18,3  Cool Base: 18,3  Method: Integration