No es requerida especial atención con respecto al clima.   -   No hay avisos meteorológicos

Informes Estilo NOAA


Informe 2016 Agosto
                   Monthly Climatological Summary for ago 2016

Name: MeteoGerena   City: Gerena (Sevilla)   State: España
Elevation: 120 m  Lat: N 37° 31' 28"   Lon: W 006° 09' 29"

                  Temperature (°C), Rain (mm), Wind Speed (km/h)

                                      Heat  Cool        Avg
    Mean                              Deg   Deg         Wind                 Dom
Day Temp  High   Time   Low    Time   Days  Days  Rain  Speed High   Time    Dir
----------------------------------------------------------------------------------
 1  30,3  38,8   17:09  21,4   07:30   0,0  12,0   0,0   4,8  29,0   20:37   SSW
 2  28,7  37,9   19:43  20,0   06:42   0,0  10,4   0,0   4,7  27,4   21:21    SW
 3  28,8  36,8   18:15  21,9   07:38   0,0  10,4   0,0   3,0  32,2   21:48    SW
 4  29,8  39,2   17:29  21,4   07:38   0,0  11,5   0,0  ----  37,0   18:20   WNW
 5  30,8  38,6   18:21  23,3   07:35   0,0  12,5   0,0  ----  30,6   19:32    SW
 6  30,8  38,0   18:36  23,5   07:23   0,0  12,5   0,0  ----  25,7   13:19   ENE
 7  30,8  37,3   19:08  24,6   06:13   0,0  12,5   0,0  ----  30,6   14:34   ENE
 8  30,5  38,8   19:20  24,9   07:42   0,0  12,1   0,0  ----  33,8   11:04   ENE
 9  30,1  38,8   17:50  23,8   04:25   0,0  11,7   0,0  ----  38,6   20:03    SW
10  28,0  34,4   19:03  22,1   05:45   0,0   9,7   0,0  ----  25,7   14:55    SW
11  28,8  34,7   18:04  23,9   07:30   0,0  10,5   0,0  ----  38,6   11:44   ENE
12  29,0  34,8   19:27  23,9   07:43   0,0  10,7   0,0  ----  38,6   11:16   ENE
13  29,0  35,6   19:03  23,7   07:45   0,0  10,6   0,0  ----  37,0   09:41   ENE
14  28,6  36,4   17:41  22,9   07:21   0,0  10,3   0,0  ----  33,8   09:44    NE
15  27,8  33,1   15:05  22,8   07:26   0,0   9,5   0,0  ----  24,1   18:46   SSW
16  28,8  35,5   16:08  22,7   07:58   0,0  10,4   0,4  ----  29,0   17:55    SW
17  28,6  37,2   18:16  20,1   07:37   0,0  10,3   0,0  ----  27,4   19:18     W
18  29,6  36,8   17:21  22,9   07:50   0,0  11,2   0,0  ----  33,8   19:24   WSW
19  28,3  36,8   18:49  20,5   07:27   0,0  10,0   0,0  ----  33,8   19:12    SW
20  29,9  36,8   18:08  23,9   07:50   0,0  11,6   0,0  ----  27,4   14:33   WNW
21  29,0  37,2   19:09  19,8   07:38   0,0  10,6   0,0  ----  25,7   19:32   SSW
22  30,0  37,1   18:46  22,9   06:52   0,0  11,7   0,0  ----  30,6   12:15    NE
23  30,7  38,0   17:36  24,4   07:16   0,0  12,4   0,0  ----  37,0   18:10    NE
24  29,6  37,0   18:17  23,7   06:47   0,0  11,3   0,0  ----  33,8   12:05    NE
25  29,3  37,6   18:36  23,3   07:08   0,0  11,0   0,0  ----  32,2   09:53    NE
26  30,1  39,3   18:20  23,8   05:23   0,0  11,8   0,0  ----  30,6   22:07    NE
27  30,4  37,9   18:02  23,4   07:14   0,0  12,0   0,0  ----  25,7   19:35   SSW
28  30,7  38,9   18:45  24,2   08:27   0,0  12,4   0,0  ----  35,4   17:39    SW
29  29,8  38,8   17:22  21,5   07:39   0,0  11,4   0,0  ----  38,6   16:59    SW
30  28,2  35,2   16:56  22,1   08:19   0,0   9,9   0,0  ----  32,2   14:55    SW
31  25,4  33,1   18:29  20,1   06:54   0,0   7,1   0,0  ----  25,7   20:02   SSW
----------------------------------------------------------------------------------
    29,4  39,3    26    19,8    21     0,0 342,0   0,4   4,4  38,6     9      SW

Max >=  40,0:  0
Max <=  15,0:  0
Min <=  20,0:  2
Min <=   0,0:  0
Max Rain: 0,4 on day 16
Days of Rain: 0 (>= 2,0 mm)  0 (>= 10,0 mm)  0 (>= 40,0 mm)
Heat Base: 18,3  Cool Base: 18,3  Method: Integration