No es requerida especial atención con respecto al clima.   -   No hay avisos meteorológicos

Informes Estilo NOAA


Informe 2016 Septiembre
                   Monthly Climatological Summary for sep 2016

Name: MeteoGerena   City: Gerena (Sevilla)   State: España
Elevation: 120 m  Lat: N 37° 31' 28"   Lon: W 006° 09' 29"

                  Temperature (°C), Rain (mm), Wind Speed (km/h)

                                      Heat  Cool        Avg
    Mean                              Deg   Deg         Wind                 Dom
Day Temp  High   Time   Low    Time   Days  Days  Rain  Speed High   Time    Dir
----------------------------------------------------------------------------------
 1  27,4  36,0   19:16  19,8   07:37   0,0   9,1   0,0   4,8  29,0   20:18    SE
 2  28,9  36,4   18:23  22,4   07:18   0,0  10,6   0,0   5,3  30,6   22:04     E
 3  30,4  39,4   19:19  22,6   07:10   0,0  12,1   0,0   5,1  29,0   23:11   ENE
 4  32,4  39,9   17:26  25,1   07:44   0,0  14,0   0,0   5,1  24,1   01:01     W
 5  33,3  42,9   18:36  24,9   08:15   0,0  15,0   0,0   4,1  25,7   14:47   ENE
 6  33,3  42,9   17:27  25,4   06:28   0,0  15,0   0,0   3,9  25,7   18:23   SSW
 7  29,8  38,9   16:55  22,2   08:25   0,0  11,5   0,0   5,2  30,6   17:56    SW
 8  26,5  35,6   17:58  19,5   05:49   0,0   8,2   0,0   5,8  29,0   17:07    SW
 9  25,4  32,6   18:49  18,4   07:57   0,0   7,1   0,0   5,3  29,0   15:07    SW
10  25,3  34,4   17:48  16,9   07:53   0,0   7,0   0,0   4,9  30,6   19:38   SSW
11  26,4  35,1   18:35  19,3   08:01   0,0   8,1   0,0   4,1  27,4   20:10   WSW
12  26,2  32,9   16:37  20,6   06:15   0,0   7,9   0,0   7,4  33,8   16:10   SSW
13  22,6  26,8   17:43  19,2   12:52   0,0   4,3   8,2   7,8  33,8   15:49   WSW
14  20,0  24,3   16:56  14,9   07:38   0,5   2,1   0,0   7,7  32,2   11:31   WNW
15  20,3  26,1   19:06  14,1   07:48   0,8   2,8   0,0   5,3  25,7   18:54    NW
16  22,4  28,6   18:50  16,6   06:32   0,2   4,3   0,0   3,8  17,7   13:27    NE
17  26,3  34,0   18:24  18,0   07:53   0,0   7,9   0,0   6,6  25,7   12:17    NE
18  25,9  32,9   18:24  19,4   05:42   0,0   7,6   0,0   5,3  27,4   12:41   ENE
19  23,6  29,0   16:22  17,8   06:02   0,0   5,3   0,0   6,3  29,0   16:00    SW
20  24,0  31,1   17:23  19,9   23:57   0,0   5,7   0,0   6,2  40,2   18:30    SW
21  21,7  30,3   17:09  15,2   06:41   0,7   4,1   0,0   4,1  25,7   19:39   SSW
22  20,7  26,7   17:33  16,3   07:39   0,4   2,8   0,0   4,2  22,5   20:46   SSW
23  21,8  30,1   17:57  14,8   07:22   0,6   4,1   0,0   2,3  19,3   20:58    SW
24  23,9  32,1   18:33  16,2   08:23   0,1   5,7   0,0   3,2  19,3   20:18    SW
25  24,7  32,2   17:44  17,4   08:21   0,0   6,4   0,0   2,8  16,1   13:46   WNW
26  26,2  33,3   17:51  20,6   07:52   0,0   7,8   0,0   3,7  24,1   21:33   SSW
27  27,4  33,8   17:37  20,3   08:01   0,0   9,1   0,0   5,5  25,7   15:44   ENE
28  25,6  31,5   17:01  19,3   05:43   0,0   7,3   0,0   6,7  33,8   14:59   ENE
29  24,9  30,2   16:58  19,4   08:29   0,0   6,6   0,0   9,2  33,8   10:47   ENE
30  25,4  31,0   18:46  20,3   07:03   0,0   7,1   0,0   7,3  29,0   09:37    NE
----------------------------------------------------------------------------------
    25,8  42,9     5    14,1    15     3,3 226,6   8,2   5,3  40,2    20     SSW

Max >=  40,0:  2
Max <=  15,0:  0
Min <=  20,0: 20
Min <=   0,0:  0
Max Rain: 8,2 on day 13
Days of Rain: 1 (>= 2,0 mm)  0 (>= 10,0 mm)  0 (>= 40,0 mm)
Heat Base: 18,3  Cool Base: 18,3  Method: Integration