No es requerida especial atención con respecto al clima.   -   No hay avisos meteorológicos

Informes Estilo NOAA

Seleccione un año o mes para ver el informe
2018: Ene Feb Mar Abr May Jun Jul Ago Sep Oct Nov Dic
2017: Ene Feb Mar Abr May Jun Jul Ago Sep Oct Nov Dic
2016: Ene Feb Mar Abr May Jun Jul Ago Sep Oct Nov Dic
2015: Ene Feb Mar Abr May Jun Jul Ago Sep Oct Nov Dic
2014: Ene Feb Mar Abr May Jun Jul Ago Sep Oct Nov Dic
2013: Ene Feb Mar Abr May Jun Jul Ago Sep Oct Nov Dic
2012: Ene Feb Mar Abr May Jun Jul Ago Sep Oct Nov Dic
2011: Ene Feb Mar Abr May Jun Jul Ago Sep Oct Nov Dic

Informe 2017 Enero
                   Monthly Climatological Summary for ene. 2017

Name: MeteoGerena   City: Gerena (Sevilla)   State: España
Elevation: 120 m  Lat: N 37° 31' 28"   Lon: W 006° 09' 29"

                  Temperature (°C), Rain (mm), Wind Speed (km/h)

                                      Heat  Cool        Avg
    Mean                              Deg   Deg         Wind                 Dom
Day Temp  High   Time   Low    Time   Days  Days  Rain  Speed High   Time    Dir
----------------------------------------------------------------------------------
 1   9,3  14,7   16:31   3,8   07:58   8,9   0,0   0,0  ----  12,9   12:24   NNE
 2  10,3  15,4   16:18   6,1   04:07   8,0   0,0   0,0  ----  22,5   12:03    NE
 3  11,4  17,3   16:38   6,7   08:49   6,9   0,0   0,0  ----  12,9   13:30    NE
 4  12,3  18,1   16:34   7,2   08:39   6,0   0,0   0,0  ----  11,3   12:46    NE
 5  12,9  18,1   17:13   8,1   08:50   5,4   0,0   0,0  ----  12,9   00:10    NE
 6  12,1  17,5   16:34   6,7   08:44   6,2   0,0   0,0  ----  20,9   12:32   NNE
 7  11,6  16,2   16:29   6,6   08:45   6,7   0,0   0,0   3,2  25,7   12:10     N
 8  10,0  16,2   16:45   4,8   09:21   8,2   0,0   0,0   2,6  19,3   13:45   NNE
 9   9,6  17,5   17:18   3,4   06:57   5,7   0,0   0,0   1,1  16,1   23:39    NE
10  10,1  17,1   16:25   4,1   08:25   8,1   0,0   0,0   1,8  25,7   17:49   NNW
11  11,7  18,3   18:07   7,1   07:04   6,5   0,0   0,0  ----  16,1   14:02    NE
12  12,1  19,1   17:32   6,1   08:32   6,2   0,0   0,0  ----  16,1   21:38    SW
13  11,5  16,6   16:40   6,4   09:35   6,7   0,0   0,0  ----  24,1   19:03    NW
14  10,4  14,5   15:43   6,9   07:14   7,9   0,0   0,0  ----  35,4   14:24   NNE
15   9,5  15,5   17:11   3,3   06:04   8,7   0,0   0,0  ----  24,1   02:33     N
16  10,1  17,8   17:01   4,4   07:34   8,2   0,0   0,0  ----  24,1   23:12    NW
17  11,1  17,9   17:06   5,0   08:38   7,2   0,0   0,0  ----  20,9   02:08    NE
18   6,4   9,4   15:59   2,8   08:32  11,9   0,0   0,0  ----  37,0   12:10   NNE
19   7,6  12,3   16:45   3,7   08:57  10,7   0,0   0,0  ----  37,0   08:14   NNE
20   8,4  11,2   17:31   6,0   23:48   9,8   0,0   0,0  ----  35,4   02:06   NNE
21   8,3  15,3   16:39   2,4   08:56  10,0   0,0   0,0  ----  22,5   22:39    NE
22  10,1  16,7   17:54   4,8   07:33   8,1   0,0   0,0  ----  22,5   03:21    NE
23   8,4  15,7   17:22   3,2   07:16   9,8   0,0   0,0  ----  14,5   13:19    NE
24   8,7  15,6   17:12   3,1   07:19   9,6   0,0   0,0  ----  16,1   02:20   NNE
25   7,8  15,5   16:49   1,2   07:17  10,4   0,0   0,0  ----  17,7   16:44    NE
26   9,1  13,8   16:31   5,6   05:22   9,2   0,0  13,0  ----  41,8   22:00    NE
27  10,4  15,1   15:30   7,2   23:48   7,9   0,0   2,0  ----  45,1   15:34    NE
28  10,2  16,2   15:32   5,3   07:16   8,0   0,0   0,2  ----  17,7   00:32     N
29  11,3  17,4   16:52   5,9   08:14   7,0   0,0   0,0  ----  19,3   11:58   NNE
30  12,0  18,3   17:08   6,4   07:26   6,3   0,0   0,0  ----  12,9   11:05    NE
31  10,9  16,6   17:07   5,0   08:01   7,4   0,0   0,0  ----  17,7   22:01    NE
----------------------------------------------------------------------------------
    10,2  19,1    12     1,2    25   247,6   0,0  15,2   2,1  45,1    27     NNE

Max >=  40,0:  0
Max <=  15,0:  6
Min <=  20,0: 31
Min <=   0,0:  0
Max Rain: 13,0 on day 26
Days of Rain: 2 (>= 2,0 mm)  1 (>= 10,0 mm)  0 (>= 40,0 mm)
Heat Base: 18,3  Cool Base: 18,3  Method: Integration