No es requerida especial atención con respecto al clima.   -   No hay avisos meteorológicos

Informes Estilo NOAA

Seleccione un año o mes para ver el informe
2018: Ene Feb Mar Abr May Jun Jul Ago Sep Oct Nov Dic
2017: Ene Feb Mar Abr May Jun Jul Ago Sep Oct Nov Dic
2016: Ene Feb Mar Abr May Jun Jul Ago Sep Oct Nov Dic
2015: Ene Feb Mar Abr May Jun Jul Ago Sep Oct Nov Dic
2014: Ene Feb Mar Abr May Jun Jul Ago Sep Oct Nov Dic
2013: Ene Feb Mar Abr May Jun Jul Ago Sep Oct Nov Dic
2012: Ene Feb Mar Abr May Jun Jul Ago Sep Oct Nov Dic
2011: Ene Feb Mar Abr May Jun Jul Ago Sep Oct Nov Dic

Informe 2017 Julio
                   Monthly Climatological Summary for jul. 2017

Name: MeteoGerena   City: Gerena (Sevilla)   State: España
Elevation: 120 m  Lat: N 37° 31' 28"   Lon: W 006° 09' 29"

                  Temperature (°C), Rain (mm), Wind Speed (km/h)

                                      Heat  Cool        Avg
    Mean                              Deg   Deg         Wind                 Dom
Day Temp  High   Time   Low    Time   Days  Days  Rain  Speed High   Time    Dir
----------------------------------------------------------------------------------
 1  25,8  32,0   18:47  19,5   07:20   0,0   7,5   0,0   9,7  40,2   06:04    SW
 2  27,9  34,7   19:24  20,2   07:22   0,0   9,5   0,0   7,7  37,0   14:02    SW
 3  28,8  35,7   18:38  22,2   06:02   0,0  10,5   0,0  10,9  38,6   10:28    SW
 4  27,8  35,4   16:36  20,8   04:09   0,0   9,5   0,0   7,7  32,2   19:43    SW
 5  25,1  30,3   16:07  21,0   07:32   0,0   6,8   0,0   9,0  32,2   17:59    SW
 6  23,6  28,9   16:29  20,2   08:41   0,0   5,3   0,2   6,4  32,2   16:31    SW
 7  23,9  30,7   17:58  17,8   07:27   0,0   5,6   0,0   6,3  43,5   20:43    SW
 8  24,4  31,8   17:25  18,3   07:06   0,0   6,2   0,0   6,5  45,1   18:19    SW
 9  25,0  34,1   18:58  19,4   05:25   0,0   6,7   0,0   5,3  35,4   19:12    SW
10  27,5  35,4   18:28  20,2   07:20   0,0   9,1   0,0   4,9  33,8   13:57    SW
11  29,7  39,2   18:18  19,7   07:20   0,0  11,3   0,0   2,8  24,1   20:55    SW
20  31,2  43,7   18:46  22,4   23:53   0,0  14,1   0,0  11,9  32,2   19:16    SW
21  23,5  31,1   17:42  17,2   07:22   0,1   5,3   0,0   7,0  37,0   18:27    SW
22  24,9  34,0   18:39  17,4   07:20   0,1   6,6   0,0   4,8  30,6   20:55   SSW
23  27,2  37,1   18:19  18,8   06:48   0,0   8,9   0,0   5,5  33,8   19:32    SW
24  29,7  39,7   18:35  20,7   07:18   0,0  11,4   0,0   4,2  27,4   16:58    SW
25  29,9  38,2   16:36  22,1   06:58   0,0  11,5   0,0   5,8  41,8   18:17    SW
26  27,6  35,8   17:04  20,3   08:33   0,0   9,3   0,0   5,8  27,4   18:11    SW
27  29,5  38,9   17:01  21,1   07:45   0,0  11,1   0,0   5,1  32,2   15:33    SW
28  30,5  40,6   18:14  20,9   07:01   0,0  12,1   0,0   4,8  35,4   20:14    SW
29  30,6  39,7   17:05  22,1   07:25   0,0  12,3   0,0   5,7  32,2   18:12    SW
30  31,0  38,9   17:18  23,6   08:20   0,0  12,6   0,0   5,4  33,8   18:17    SW
31  28,0  35,8   17:58  20,9   07:32   0,0   9,7   0,0   6,4  33,8   20:53    SW
----------------------------------------------------------------------------------
    27,5  43,7    20    17,2    21     0,2 212,9   0,2   6,3  45,1     8      SW

Max >=  40,0:  2
Max <=  15,0:  0
Min <=  20,0:  8
Min <=   0,0:  0
Max Rain: 0,2 on day 6
Days of Rain: 0 (>= 2,0 mm)  0 (>= 10,0 mm)  0 (>= 40,0 mm)
Heat Base: 18,3  Cool Base: 18,3  Method: Integration