No es requerida especial atención con respecto al clima.   -   No hay avisos meteorológicos

Informes Estilo NOAA

Seleccione un año o mes para ver el informe
2018: Ene Feb Mar Abr May Jun Jul Ago Sep Oct Nov Dic
2017: Ene Feb Mar Abr May Jun Jul Ago Sep Oct Nov Dic
2016: Ene Feb Mar Abr May Jun Jul Ago Sep Oct Nov Dic
2015: Ene Feb Mar Abr May Jun Jul Ago Sep Oct Nov Dic
2014: Ene Feb Mar Abr May Jun Jul Ago Sep Oct Nov Dic
2013: Ene Feb Mar Abr May Jun Jul Ago Sep Oct Nov Dic
2012: Ene Feb Mar Abr May Jun Jul Ago Sep Oct Nov Dic
2011: Ene Feb Mar Abr May Jun Jul Ago Sep Oct Nov Dic

Informe 2018 Enero
                   Monthly Climatological Summary for ene. 2018

Name: MeteoGerena   City: Gerena (Sevilla)   State: España
Elevation: 120 m  Lat: N 37° 31' 28"   Lon: W 006° 09' 29"

                  Temperature (°C), Rain (mm), Wind Speed (km/h)

                                      Heat  Cool        Avg
    Mean                              Deg   Deg         Wind                 Dom
Day Temp  High   Time   Low    Time   Days  Days  Rain  Speed High   Time    Dir
----------------------------------------------------------------------------------
 1  13,2  18,6   17:02  10,1   23:05   3,2   0,0   0,0   3,5  20,9   20:47    SW
 2  11,4  17,9   17:10   5,3   08:29   6,9   0,0   0,0   1,0  12,9   02:16    SW
 3  13,8  18,3   16:10   9,6   03:14   4,4   0,0   0,0   2,1  16,1   20:46    SW
 4  13,5  15,8   15:41   9,8   02:53   4,8   0,0   0,0   0,8  11,3   00:01    SW
 5  13,3  16,2   13:44  10,8   23:11   5,0   0,0  17,0   4,8  45,1   19:24    SW
 8  10,4  16,2   13:44   5,8   09:35  13,7   0,0  11,6   5,3  32,2   16:20    NW
 9   6,7  12,9   23:40   3,1   07:23  11,4   0,0  50,4   2,6  24,1   22:42   NNE
10  11,9  16,9   16:41   7,8   08:55   6,4   0,0   0,2   4,1  25,7   16:56    NE
11  10,3  15,8   17:06   5,4   09:19   8,0   0,0   0,0   4,1  29,0   13:56    NE
12   8,4  13,2   16:39   3,8   08:25   9,9   0,0   0,0   1,8  14,5   01:43   NNE
13   7,8  11,8   16:45   5,2   07:07  10,5   0,0   4,0   1,1  17,7   12:46     N
14   7,8  13,3   17:06   4,3   05:10  10,5   0,0   0,8   1,8  20,9   17:24    NE
15   9,1  14,3   17:14   4,3   02:58   9,2   0,0   0,0   4,0  24,1   10:25     N
16   9,9  17,3   16:54   4,1   06:59   8,3   0,0   0,0   1,6  14,5   00:32   NNW
21  13,4  19,3   17:14   8,5   08:31   5,9   0,1   0,0  ----  25,7   16:46     N
22  12,3  19,7   17:03   6,2   06:33   6,1   0,1   0,0  ----  14,5   17:34    SW
----------------------------------------------------------------------------------
    10,8  19,7    22     3,1     9   124,2   0,2  84,0   2,7  45,1     5     NNW

Max >=  40,0:  0
Max <=  15,0:  5
Min <=  20,0: 16
Min <=   0,0:  0
Max Rain: 50,4 on day 9
Days of Rain: 4 (>= 2,0 mm)  3 (>= 10,0 mm)  1 (>= 40,0 mm)
Heat Base: 18,3  Cool Base: 18,3  Method: Integration