No es requerida especial atención con respecto al clima.   -   No hay avisos meteorológicos

Informes Estilo NOAA

Seleccione un año o mes para ver el informe
2018: Ene Feb Mar Abr May Jun Jul Ago Sep Oct Nov Dic
2017: Ene Feb Mar Abr May Jun Jul Ago Sep Oct Nov Dic
2016: Ene Feb Mar Abr May Jun Jul Ago Sep Oct Nov Dic
2015: Ene Feb Mar Abr May Jun Jul Ago Sep Oct Nov Dic
2014: Ene Feb Mar Abr May Jun Jul Ago Sep Oct Nov Dic
2013: Ene Feb Mar Abr May Jun Jul Ago Sep Oct Nov Dic
2012: Ene Feb Mar Abr May Jun Jul Ago Sep Oct Nov Dic
2011: Ene Feb Mar Abr May Jun Jul Ago Sep Oct Nov Dic

Informe 2018 Marzo
                   Monthly Climatological Summary for mar. 2018

Name: MeteoGerena   City: Gerena (Sevilla)   State: España
Elevation: 120 m  Lat: N 37° 31' 28"   Lon: W 006° 09' 29"

                  Temperature (°C), Rain (mm), Wind Speed (km/h)

                                      Heat  Cool        Avg
    Mean                              Deg   Deg         Wind                 Dom
Day Temp  High   Time   Low    Time   Days  Days  Rain  Speed High   Time    Dir
----------------------------------------------------------------------------------
 1  14,8  18,8   15:56  10,0   23:59   3,5   0,0  51,0  21,7  75,6   14:07    NE
 2  13,5  17,1   14:42   9,5   00:27   4,8   0,0  24,2  13,5  57,9   16:45    NE
 3  13,8  16,4   13:52  11,9   21:18   4,5   0,0   3,6  11,2  56,3   16:04    NE
 4  13,6  17,7   14:44  10,3   07:38   4,7   0,0  23,2  10,9  46,7   15:49    NE
 5  12,2  16,4   12:17   9,2   05:13   6,1   0,0   3,0   9,5  56,3   14:59    NE
 6  11,0  15,4   13:44   8,1   05:28   7,3   0,0   2,6   3,6  32,2   14:15    NE
 7  10,2  14,3   14:54   5,9   07:25   8,1   0,0  12,0   3,8  22,5   20:53    NE
 8  14,0  18,1   16:46   9,7   00:00   4,2   0,0   5,2   7,7  37,0   15:13    NE
 9  14,9  16,2   11:38  13,6   05:25   3,4   0,0  16,6  11,2  40,2   15:25    SW
10  15,4  19,0   14:52  10,6   23:48   2,9   0,0  15,0  15,7  49,9   22:13    SW
11  12,1  16,3   13:44   9,6   02:12   6,2   0,0   7,0  10,3  49,9   14:10    SW
12  12,8  18,0   16:30   7,8   07:55   5,4   0,0   0,0   8,9  29,0   14:49    SW
13  15,2  20,2   14:23  12,0   00:00   3,4   0,3   0,8  ----  24,1   18:59    SW
14  15,2  17,0   14:27  12,7   23:58   3,1   0,0  11,2  ----  53,1   22:13   NNE
15  12,8  16,6   14:50   9,5   23:41   5,4   0,0   6,8  ----  40,2   14:53    NE
16  11,3  16,8   14:50   6,7   03:49   7,0   0,0   0,0  ----  40,2   16:43    SW
17  10,7  14,9   21:15   6,9   06:40   7,5   0,0  20,8  ----  51,5   13:03    NE
18  11,9  15,7   14:44   9,2   07:37   6,4   0,0   0,4  ----  27,4   16:10    NE
19  11,4  15,1   14:34   7,4   07:41   6,9   0,0   9,6  ----  40,2   16:09    NE
20  10,1  14,8   16:47   4,2   07:27   8,2   0,0   0,0  ----  37,0   15:42   NNE
21  11,1  15,9   17:22   6,4   07:37   7,2   0,0   0,0  ----  40,2   14:09     N
22  12,4  18,1   15:19   5,4   07:14   5,9   0,0   0,0  ----  32,2   17:22   NNE
23  10,9  14,3   19:41   5,9   06:30   7,4   0,0   3,0  ----  30,6   23:06    NE
24  12,6  16,2   15:06   9,1   06:13   5,7   0,0   1,6  ----  49,9   02:42    NE
25  12,4  17,1   18:01   8,9   05:49   5,6   0,0   3,4  ----  35,4   15:33   NNE
26  14,0  20,2   18:20   7,1   06:46   4,5   0,2   0,0  ----  20,9   17:35    NE
27  16,0  24,5   19:08   8,6   04:38   3,6   1,3   0,0  ----  20,9   01:42   NNE
28  18,0  26,3   18:18  10,6   06:52   2,4   2,1   0,0  ----  24,1   20:05    NE
29  14,8  19,7   16:00  10,7   06:51   3,6   0,1   0,0  ----  27,4   18:05    NE
30  12,6  17,1   18:51   8,8   03:01   5,6   0,0   0,4  ----  43,5   14:31    NE
31  12,9  19,9   18:25   7,1   07:06   5,5   0,1   0,0  ----  29,0   21:06    NE
----------------------------------------------------------------------------------
    13,1  26,3    28     4,2    20   166,0   4,1 221,4  10,8  75,6     1      NE

Max >=  40,0:  0
Max <=  15,0:  4
Min <=  20,0: 31
Min <=   0,0:  0
Max Rain: 51,0 on day 1
Days of Rain: 17 (>= 2,0 mm)  8 (>= 10,0 mm)  1 (>= 40,0 mm)
Heat Base: 18,3  Cool Base: 18,3  Method: Integration