Tormentas Desde: 26-09-2018 11:00 Hasta: 20:59 Advertencia de: Tormentas Nivel: Amarillo info button

Informes Estilo NOAA

Seleccione un año o mes para ver el informe
2018: Ene Feb Mar Abr May Jun Jul Ago Sep Oct Nov Dic
2017: Ene Feb Mar Abr May Jun Jul Ago Sep Oct Nov Dic
2016: Ene Feb Mar Abr May Jun Jul Ago Sep Oct Nov Dic
2015: Ene Feb Mar Abr May Jun Jul Ago Sep Oct Nov Dic
2014: Ene Feb Mar Abr May Jun Jul Ago Sep Oct Nov Dic
2013: Ene Feb Mar Abr May Jun Jul Ago Sep Oct Nov Dic
2012: Ene Feb Mar Abr May Jun Jul Ago Sep Oct Nov Dic
2011: Ene Feb Mar Abr May Jun Jul Ago Sep Oct Nov Dic

Informe 2018 Julio
                   Monthly Climatological Summary for jul. 2018

Name: MeteoGerena   City: Gerena (Sevilla)   State: España
Elevation: 120 m  Lat: N 37° 31' 28"   Lon: W 006° 09' 29"

                  Temperature (°C), Rain (mm), Wind Speed (km/h)

                                      Heat  Cool        Avg
    Mean                              Deg   Deg         Wind                 Dom
Day Temp  High   Time   Low    Time   Days  Days  Rain  Speed High   Time    Dir
----------------------------------------------------------------------------------
 1  21,5  26,4   17:00  17,4   07:20   0,1   3,3   0,0   7,6  33,8   16:53    NE
 2  21,8  29,0   18:12  15,1   07:16   0,6   4,0   0,0   6,4  27,4   18:52    NE
 3  24,8  33,6   18:21  18,3   07:07   0,0   6,5   0,0   6,2  37,0   19:12    NE
 5  24,3  32,6   18:27  16,0   06:48   0,1   7,5   0,0  ----  35,4   19:22    NE
 6  26,6  35,5   19:39  18,8   07:04   0,0   8,3   0,0  ----  29,0   20:16    NE
 7  27,8  36,7   17:57  19,4   04:52   0,0   9,4   0,0  ----  29,0   20:28    NE
 8  28,3  36,1   16:40  20,2   06:43   0,0  10,0   0,0  ----  27,4   18:01    NE
 9  29,0  36,2   16:43  21,7   08:02   0,0  10,5   0,0  ----  29,0   18:29   NNE
10  26,7  33,7   18:36  20,1   07:16   0,0   8,4   0,0  ----  35,4   19:09    NE
11  23,8  31,8   16:13  19,7   04:12   0,0   5,5   0,0  ----  37,0   18:09    NE
12  22,5  28,1   17:54  19,3   02:21   0,0   4,2   0,0  ----  27,4   19:32    NE
13  22,7  29,2   17:06  17,5   07:27   0,1   4,5   0,0  ----  25,7   17:38    NE
14  22,1  29,1   16:41  17,2   07:29   0,1   3,9   0,0  ----  30,6   17:20    NE
15  21,7  27,8   16:46  16,4   05:23   0,4   3,8   0,0  ----  38,6   17:57   NNE
16  24,3  32,7   18:58  17,2   05:35   0,1   6,1   0,0  ----  27,4   21:13    NE
17  27,2  36,7   17:07  19,1   07:19   0,0   8,3   0,0  ----  27,4   18:55    NE
18  26,6  34,2   18:21  18,6   07:03   0,0   8,3   0,0  ----  30,6   19:51    NE
21  24,0  34,7   17:12  16,8   07:33   0,0   4,2   0,0  ----  27,4   17:22    NE
22  26,1  35,1   18:06  17,7   06:25   0,0   7,8   0,0  ----  27,4   20:11    NE
23  25,8  34,5   17:15  17,4   08:06   0,0   7,4   0,0  ----  30,6   18:13    NE
24  25,0  33,8   18:38  17,9   07:05   0,0   6,7   0,0  ----  27,4   20:46    NE
25  25,6  34,7   17:18  17,8   06:50   0,0   7,3   0,0  ----  30,6   19:20    SW
26  24,6  33,9   17:29  17,8   07:24   0,0   6,3   0,0  ----  27,4   18:51    SW
27  26,4  36,3   17:29  18,7   07:17   0,0   8,1   0,0  ----  35,4   18:48    SW
28  25,9  26,7   01:14  25,3   00:39   0,0   0,4   0,0  ----  11,3   00:28    SW
29  29,4  34,6   17:48   0,0   11:20   0,0   5,8   0,0  ----  37,0   20:12    SW
30  25,3  35,4   18:25  17,8   07:27   0,0   7,0   0,0  ----  37,0   19:18     W
31  28,6  38,9   18:56  18,4   07:15   0,0  10,3   0,0  ----  19,3   17:24   NNW
----------------------------------------------------------------------------------
    25,3  38,9    31     0,0    29     1,5 183,8   0,0   6,7  38,6    15      NE

Max >=  40,0:  0
Max <=  15,0:  0
Min <=  20,0: 24
Min <=   0,0:  1
Max Rain: 0,0 on day 0
Days of Rain: 0 (>= 2,0 mm)  0 (>= 10,0 mm)  0 (>= 40,0 mm)
Heat Base: 18,3  Cool Base: 18,3  Method: Integration